{"id":2243,"date":"2023-09-20T09:17:00","date_gmt":"2023-09-20T07:17:00","guid":{"rendered":"https:\/\/museodetudela.com\/?post_type=actividades&#038;p=2243"},"modified":"2023-09-20T09:17:00","modified_gmt":"2023-09-20T07:17:00","slug":"conferencia-restauracion-de-dos-lienzos-de-vicente-berdusan-del-museo-de-tudela","status":"publish","type":"actividades","link":"https:\/\/museodetudela.com\/en\/activities\/conferencia-restauracion-de-dos-lienzos-de-vicente-berdusan-del-museo-de-tudela\/","title":{"rendered":"Conferencia \u201cRestauraci\u00f3n de dos lienzos de Vicente Berdus\u00e1n del Museo de Tudela\u201d"},"content":{"rendered":"<p><strong>CONFERENCIA \u201cRestauraci\u00f3n de dos lienzos de Vicente Berdus\u00e1n del Museo de Tudela<\/strong>\u201d<\/p>\n<p>Imparte: Jes\u00fas Iturbide, restaurador-conservador<\/p>\n<p>D\u00eda: mi\u00e9rcoles 4 de octubre<\/p>\n<p>Hora: 19:00 horas<\/p>\n<p>Lugar: sal\u00f3n Santa Ana del Palacio Decanal<\/p>\n<p>Entrada libre,\u00a0 aforo limitado.<\/p>\n<p>Organiza: Museo de Tudela (Palacio Decanal)<\/p>\n<p>&nbsp;<\/p>\n<p><img fetchpriority=\"high\" decoding=\"async\" class=\"alignnone size-large wp-image-2244\" src=\"https:\/\/museodetudela.com\/wp-content\/uploads\/CONFERENCIA-_Restauracion-de-dos-lienzos-de-Vicente-Berdusan-768x1024.jpg\" alt=\"\" width=\"768\" height=\"1024\" srcset=\"https:\/\/museodetudela.com\/wp-content\/uploads\/CONFERENCIA-_Restauracion-de-dos-lienzos-de-Vicente-Berdusan-768x1024.jpg 768w, https:\/\/museodetudela.com\/wp-content\/uploads\/CONFERENCIA-_Restauracion-de-dos-lienzos-de-Vicente-Berdusan-225x300.jpg 225w, https:\/\/museodetudela.com\/wp-content\/uploads\/CONFERENCIA-_Restauracion-de-dos-lienzos-de-Vicente-Berdusan-1152x1536.jpg 1152w, https:\/\/museodetudela.com\/wp-content\/uploads\/CONFERENCIA-_Restauracion-de-dos-lienzos-de-Vicente-Berdusan-1536x2048.jpg 1536w, https:\/\/museodetudela.com\/wp-content\/uploads\/CONFERENCIA-_Restauracion-de-dos-lienzos-de-Vicente-Berdusan-scaled.jpg 1920w\" sizes=\"(max-width: 768px) 100vw, 768px\" \/><\/p>\n<p>&nbsp;<\/p>\n<p>&nbsp;<\/p>\n<p>Colabora: Servicio de Patrimonio hist\u00f3rico de Gobierno de Navarra &#8211; Instituci\u00f3n Pr\u00edncipe de Viana.<\/p>\n","protected":false},"featured_media":2244,"template":"","meta":{"_exactmetrics_skip_tracking":false,"_exactmetrics_sitenote_active":false,"_exactmetrics_sitenote_note":"","_exactmetrics_sitenote_category":0,"_monsterinsights_skip_tracking":false,"_monsterinsights_sitenote_active":false,"_monsterinsights_sitenote_note":"","_monsterinsights_sitenote_category":0},"categorias-actividades":[],"class_list":["post-2243","actividades","type-actividades","status-publish","has-post-thumbnail","hentry"],"_links":{"self":[{"href":"https:\/\/museodetudela.com\/en\/wp-json\/wp\/v2\/actividades\/2243","targetHints":{"allow":["GET"]}}],"collection":[{"href":"https:\/\/museodetudela.com\/en\/wp-json\/wp\/v2\/actividades"}],"about":[{"href":"https:\/\/museodetudela.com\/en\/wp-json\/wp\/v2\/types\/actividades"}],"wp:featuredmedia":[{"embeddable":true,"href":"https:\/\/museodetudela.com\/en\/wp-json\/wp\/v2\/media\/2244"}],"wp:attachment":[{"href":"https:\/\/museodetudela.com\/en\/wp-json\/wp\/v2\/media?parent=2243"}],"wp:term":[{"taxonomy":"categorias-actividades","embeddable":true,"href":"https:\/\/museodetudela.com\/en\/wp-json\/wp\/v2\/categorias-actividades?post=2243"}],"curies":[{"name":"wp","href":"https:\/\/api.w.org\/{rel}","templated":true}]}}

Conferencia “Restauración de dos lienzos de Vicente Berdusán del Museo de Tudela”

<p><strong>CONFERENCIA “Restauración de dos lienzos de Vicente Berdusán del Museo de Tudela</strong>”</p>
<p>Imparte: Jesús Iturbide, restaurador-conservador</p>
<p>Día: miércoles 4 de octubre</p>
<p>Hora: 19:00 horas</p>
<p>Lugar: salón Santa Ana del Palacio Decanal</p>
<p>Entrada libre,  aforo limitado.</p>
<p>Organiza: Museo de Tudela (Palacio Decanal)</p>
<p>&nbsp;</p>
<p><img fetchpriority="high" decoding="async" class="alignnone size-large wp-image-2244" src="https://museodetudela.com/wp-content/uploads/CONFERENCIA-_Restauracion-de-dos-lienzos-de-Vicente-Berdusan-768x1024.jpg" alt="" width="768" height="1024" srcset="https://museodetudela.com/wp-content/uploads/CONFERENCIA-_Restauracion-de-dos-lienzos-de-Vicente-Berdusan-768x1024.jpg 768w, https://museodetudela.com/wp-content/uploads/CONFERENCIA-_Restauracion-de-dos-lienzos-de-Vicente-Berdusan-225x300.jpg 225w, https://museodetudela.com/wp-content/uploads/CONFERENCIA-_Restauracion-de-dos-lienzos-de-Vicente-Berdusan-1152x1536.jpg 1152w, https://museodetudela.com/wp-content/uploads/CONFERENCIA-_Restauracion-de-dos-lienzos-de-Vicente-Berdusan-1536x2048.jpg 1536w, https://museodetudela.com/wp-content/uploads/CONFERENCIA-_Restauracion-de-dos-lienzos-de-Vicente-Berdusan-scaled.jpg 1920w" sizes="(max-width: 768px) 100vw, 768px" /></p>
<p>&nbsp;</p>
<p>&nbsp;</p>
<p>Colabora: Servicio de Patrimonio histórico de Gobierno de Navarra &#8211; Institución Príncipe de Viana.</p>
