{"id":2221,"date":"2023-07-04T20:02:41","date_gmt":"2023-07-04T18:02:41","guid":{"rendered":"https:\/\/museodetudela.com\/?post_type=actividades&#038;p=2221"},"modified":"2023-07-11T22:00:21","modified_gmt":"2023-07-11T20:00:21","slug":"taller-infantil-en-el-museo-de-tudela","status":"publish","type":"actividades","link":"https:\/\/museodetudela.com\/en\/activities\/taller-infantil-en-el-museo-de-tudela\/","title":{"rendered":"Taller infantil en el Museo de Tudela"},"content":{"rendered":"<p><strong>TALLER INFANTIL EN EL MUSEO DE TUDELA<\/strong><\/p>\n<p>El s\u00e1bado 15 de julio de 11 a 13 horas se desarrollar\u00e1 este taller en el museo con la monitora Ariane Garc\u00eda.<\/p>\n<p>Cada ni\u00f1o y ni\u00f1a traer\u00e1 su propia prenda (camiseta, pa\u00f1uelo, zapatillas\u2026) para decorar y personalizar su ropa de fiestas.<\/p>\n<p>El precio es de 10\u20ac.<\/p>\n<p>Las inscripciones se realizar\u00e1n en el museo de Tudela a partir del 1 de julio.<\/p>\n<p>Las plazas son limitadas.<\/p>\n<p>&nbsp;<\/p>\n<p><img fetchpriority=\"high\" decoding=\"async\" class=\"alignnone size-large wp-image-2222\" src=\"https:\/\/museodetudela.com\/wp-content\/uploads\/Cartel-taller-infantil-prefiestas-Museo-de-Tudela-2023-724x1024.jpg\" alt=\"\" width=\"724\" height=\"1024\" srcset=\"https:\/\/museodetudela.com\/wp-content\/uploads\/Cartel-taller-infantil-prefiestas-Museo-de-Tudela-2023-724x1024.jpg 724w, https:\/\/museodetudela.com\/wp-content\/uploads\/Cartel-taller-infantil-prefiestas-Museo-de-Tudela-2023-212x300.jpg 212w, https:\/\/museodetudela.com\/wp-content\/uploads\/Cartel-taller-infantil-prefiestas-Museo-de-Tudela-2023-768x1086.jpg 768w, https:\/\/museodetudela.com\/wp-content\/uploads\/Cartel-taller-infantil-prefiestas-Museo-de-Tudela-2023-1086x1536.jpg 1086w, https:\/\/museodetudela.com\/wp-content\/uploads\/Cartel-taller-infantil-prefiestas-Museo-de-Tudela-2023-1448x2048.jpg 1448w, https:\/\/museodetudela.com\/wp-content\/uploads\/Cartel-taller-infantil-prefiestas-Museo-de-Tudela-2023.jpg 1587w\" sizes=\"(max-width: 724px) 100vw, 724px\" \/><\/p>\n","protected":false},"featured_media":2222,"template":"","meta":{"_exactmetrics_skip_tracking":false,"_exactmetrics_sitenote_active":false,"_exactmetrics_sitenote_note":"","_exactmetrics_sitenote_category":0,"_monsterinsights_skip_tracking":false,"_monsterinsights_sitenote_active":false,"_monsterinsights_sitenote_note":"","_monsterinsights_sitenote_category":0},"categorias-actividades":[32],"class_list":["post-2221","actividades","type-actividades","status-publish","has-post-thumbnail","hentry","categorias-actividades-actividades"],"_links":{"self":[{"href":"https:\/\/museodetudela.com\/en\/wp-json\/wp\/v2\/actividades\/2221","targetHints":{"allow":["GET"]}}],"collection":[{"href":"https:\/\/museodetudela.com\/en\/wp-json\/wp\/v2\/actividades"}],"about":[{"href":"https:\/\/museodetudela.com\/en\/wp-json\/wp\/v2\/types\/actividades"}],"wp:featuredmedia":[{"embeddable":true,"href":"https:\/\/museodetudela.com\/en\/wp-json\/wp\/v2\/media\/2222"}],"wp:attachment":[{"href":"https:\/\/museodetudela.com\/en\/wp-json\/wp\/v2\/media?parent=2221"}],"wp:term":[{"taxonomy":"categorias-actividades","embeddable":true,"href":"https:\/\/museodetudela.com\/en\/wp-json\/wp\/v2\/categorias-actividades?post=2221"}],"curies":[{"name":"wp","href":"https:\/\/api.w.org\/{rel}","templated":true}]}}

<p><strong>TALLER INFANTIL EN EL MUSEO DE TUDELA</strong></p>
<p>El sábado 15 de julio de 11 a 13 horas se desarrollará este taller en el museo con la monitora Ariane García.</p>
<p>Cada niño y niña traerá su propia prenda (camiseta, pañuelo, zapatillas…) para decorar y personalizar su ropa de fiestas.</p>
<p>El precio es de 10€.</p>
<p>Las inscripciones se realizarán en el museo de Tudela a partir del 1 de julio.</p>
<p>Las plazas son limitadas.</p>
<p>&nbsp;</p>
<p><img fetchpriority="high" decoding="async" class="alignnone size-large wp-image-2222" src="https://museodetudela.com/wp-content/uploads/Cartel-taller-infantil-prefiestas-Museo-de-Tudela-2023-724x1024.jpg" alt="" width="724" height="1024" srcset="https://museodetudela.com/wp-content/uploads/Cartel-taller-infantil-prefiestas-Museo-de-Tudela-2023-724x1024.jpg 724w, https://museodetudela.com/wp-content/uploads/Cartel-taller-infantil-prefiestas-Museo-de-Tudela-2023-212x300.jpg 212w, https://museodetudela.com/wp-content/uploads/Cartel-taller-infantil-prefiestas-Museo-de-Tudela-2023-768x1086.jpg 768w, https://museodetudela.com/wp-content/uploads/Cartel-taller-infantil-prefiestas-Museo-de-Tudela-2023-1086x1536.jpg 1086w, https://museodetudela.com/wp-content/uploads/Cartel-taller-infantil-prefiestas-Museo-de-Tudela-2023-1448x2048.jpg 1448w, https://museodetudela.com/wp-content/uploads/Cartel-taller-infantil-prefiestas-Museo-de-Tudela-2023.jpg 1587w" sizes="(max-width: 724px) 100vw, 724px" /></p>
